{"id":6579,"date":"2024-02-08T13:27:57","date_gmt":"2024-02-08T13:27:57","guid":{"rendered":"https:\/\/granplazacentroscomerciales.com\/ipiales\/?page_id=6579"},"modified":"2024-02-08T13:42:49","modified_gmt":"2024-02-08T13:42:49","slug":"politica-parqueadero","status":"publish","type":"page","link":"https:\/\/granplazacentroscomerciales.com\/ipiales\/politica-parqueadero\/","title":{"rendered":"Pol\u00edtica PARQUEADERO"},"content":{"rendered":"\t\t<div data-elementor-type=\"wp-page\" data-elementor-id=\"6579\" class=\"elementor elementor-6579\">\n\t\t\t\t\t\t<section class=\"has_eae_slider elementor-section elementor-top-section elementor-element elementor-element-22cd6b3d elementor-section-boxed elementor-section-height-default elementor-section-height-default\" data-id=\"22cd6b3d\" data-element_type=\"section\">\n\t\t\t\t\t\t<div class=\"elementor-container elementor-column-gap-default\">\n\t\t\t\t\t<div class=\"has_eae_slider elementor-column elementor-col-100 elementor-top-column elementor-element elementor-element-29668c6a\" data-id=\"29668c6a\" data-element_type=\"column\">\n\t\t\t<div class=\"elementor-widget-wrap elementor-element-populated\">\n\t\t\t\t\t\t<div class=\"elementor-element elementor-element-66baa845 elementor-widget elementor-widget-text-editor\" data-id=\"66baa845\" data-element_type=\"widget\" data-widget_type=\"text-editor.default\">\n\t\t\t\t<div class=\"elementor-widget-container\">\n\t\t\t\t\t\t\t&nbsp;\r\n<div id=\"kurato_extension_modal\"><\/div>\t\t\t\t\t\t<\/div>\n\t\t\t\t<\/div>\n\t\t\t\t\t<\/div>\n\t\t<\/div>\n\t\t\t\t\t<\/div>\n\t\t<\/section>\n\t\t\t\t<section class=\"has_eae_slider elementor-section elementor-top-section elementor-element elementor-element-0d54b3c elementor-section-boxed elementor-section-height-default elementor-section-height-default\" data-id=\"0d54b3c\" data-element_type=\"section\">\n\t\t\t\t\t\t<div class=\"elementor-container elementor-column-gap-default\">\n\t\t\t\t\t<div class=\"has_eae_slider elementor-column elementor-col-100 elementor-top-column elementor-element elementor-element-698170d\" data-id=\"698170d\" data-element_type=\"column\">\n\t\t\t<div class=\"elementor-widget-wrap elementor-element-populated\">\n\t\t\t\t\t\t<div class=\"elementor-element elementor-element-c96a93b elementor-widget elementor-widget-heading\" data-id=\"c96a93b\" data-element_type=\"widget\" data-widget_type=\"heading.default\">\n\t\t\t\t<div class=\"elementor-widget-container\">\n\t\t\t<h2 class=\"elementor-heading-title elementor-size-default\">REGLAMENTO PARQUEADEROS\nCENTROS COMERCIALES GRAN PLAZA<\/h2>\t\t<\/div>\n\t\t\t\t<\/div>\n\t\t\t\t\t<\/div>\n\t\t<\/div>\n\t\t\t\t\t<\/div>\n\t\t<\/section>\n\t\t\t\t<section class=\"has_eae_slider elementor-section elementor-top-section elementor-element elementor-element-0a06eae elementor-section-boxed elementor-section-height-default elementor-section-height-default\" data-id=\"0a06eae\" data-element_type=\"section\">\n\t\t\t\t\t\t<div class=\"elementor-container elementor-column-gap-default\">\n\t\t\t\t\t<div class=\"has_eae_slider elementor-column elementor-col-100 elementor-top-column elementor-element elementor-element-cbb43ff\" data-id=\"cbb43ff\" data-element_type=\"column\">\n\t\t\t<div class=\"elementor-widget-wrap elementor-element-populated\">\n\t\t\t\t\t\t<div class=\"elementor-element elementor-element-463f578 elementor-widget elementor-widget-text-editor\" data-id=\"463f578\" data-element_type=\"widget\" data-widget_type=\"text-editor.default\">\n\t\t\t\t<div class=\"elementor-widget-container\">\n\t\t\t\t\t\t\t<p><b>REGLAMENTO PARQUEADERO&nbsp; CENTRO COMERCIAL GRAN PLAZA IPIALES <\/b><\/p>\n<p><b>ARTICULO PRIMERO<\/b> \u2013<b> Objeto:<\/b> El presente reglamento tiene como finalidad establecer las normas sobre el parqueo de carros y motos en las \u00e1reas comunes destinadas a estacionamiento de veh\u00edculos de clientes, visitantes, aliados y colaboradores del CENTRO COMERCIAL GRAN PLAZA IPIALES, adem\u00e1s de regular los derechos y obligaciones de sus usuarios.&nbsp;<\/p>\n<p><span style=\"font-family: var( --e-global-typography-text-font-family ), Sans-serif;\"><b>ART\u00cdCULO SEGUNDO \u2013 Aplicaci\u00f3n: <\/b><\/span><span style=\"font-family: var( --e-global-typography-text-font-family ), Sans-serif; font-weight: var( --e-global-typography-text-font-weight );\">El presente reglamento se aplicar\u00e1 a todos los conductores de veh\u00edculos automotores, autorizados para parquear dentro de las zonas comunes destinadas al estacionamiento de veh\u00edculos para clientes, visitantes, aliados y colaboradores del <\/span><span style=\"font-family: var( --e-global-typography-text-font-family ), Sans-serif;\"><b>CENTRO COMERCIAL GRAN PLAZA IPIALES<\/b><\/span><span style=\"font-family: var( --e-global-typography-text-font-family ), Sans-serif; font-weight: var( --e-global-typography-text-font-weight );\">&nbsp;<\/span><\/p>\n<p><span style=\"font-family: var( --e-global-typography-text-font-family ), Sans-serif;\"><b>ARTICULO TERCERO \u2013 Horario:<\/b><\/span><span style=\"font-family: var( --e-global-typography-text-font-family ), Sans-serif;\"><span style=\"font-weight: var( --e-global-typography-text-font-weight );\"> El horario en el que se permite el uso de las \u00e1reas comunes de estacionamiento para ingreso, permanencia y retiro de los veh\u00edculos automotores y motocicletas, es de lunes a domingo de 07:30 am a 02:00 am del siguiente d\u00eda, despu\u00e9s de las 09:00 pm, se realizan ingresos y salidas controlados por vigilancia.<\/span><\/span><\/p>\n<p><span style=\"font-family: var( --e-global-typography-text-font-family ), Sans-serif; font-weight: var( --e-global-typography-text-font-weight );\"><b>ARTICULO CUARTO: El uso del parqueadero, est\u00e1 sujeto a las siguientes reglas:<\/b><\/span><span style=\"font-family: var( --e-global-typography-text-font-family ), Sans-serif; font-weight: var( --e-global-typography-text-font-weight );\">&nbsp;<\/span><\/p>\n<p><span style=\"font-family: var( --e-global-typography-text-font-family ), Sans-serif;\"><b>1.<\/b><\/span><span style=\"font-family: var( --e-global-typography-text-font-family ), Sans-serif; font-weight: var( --e-global-typography-text-font-weight );\"> La altura m\u00e1xima permitida de los veh\u00edculos para ingresar a parqueadero subterr\u00e1neo del Centro Comercial es de 2.20 MTS.&nbsp;&nbsp;<\/span><\/p>\n<p><span style=\"font-family: var( --e-global-typography-text-font-family ), Sans-serif;\"><b>2.<\/b><\/span><span style=\"font-family: var( --e-global-typography-text-font-family ), Sans-serif; font-weight: var( --e-global-typography-text-font-weight );\"> Los veh\u00edculos deber\u00e1n ser ubicados en los lugares indicados por tipo de veh\u00edculo, respetando aquellos especialmente habilitados para personas de movilidad reducida.&nbsp;<\/span><\/p>\n<p><span style=\"font-family: var( --e-global-typography-text-font-family ), Sans-serif;\"><b>3. <\/b><\/span><span style=\"font-family: var( --e-global-typography-text-font-family ), Sans-serif;\"><span style=\"font-weight: var( --e-global-typography-text-font-weight );\">Los usuarios deber\u00e1n dejar los veh\u00edculos debidamente cerrados, con su sistema de seguridad activado.<\/span><br><b>4.<\/b><\/span><span style=\"font-family: var( --e-global-typography-text-font-family ), Sans-serif; font-weight: var( --e-global-typography-text-font-weight );\"> Al momento de generarse un incidente, este debe ser reportando inmediatamente al encargado del parqueadero y posterior a ello, diligenciar la informaci\u00f3n respectiva en el formato de PQRS (Peticiones, Quejas, Reconocimientos y Solicitudes) establecido por el Centro Comercial, junto con los soportes y documentos adicionales, necesarios para la verificaci\u00f3n del caso.<\/span><\/p>\n<p><span style=\"font-family: var( --e-global-typography-text-font-family ), Sans-serif;\"><b>5.<\/b><\/span><span style=\"font-family: var( --e-global-typography-text-font-family ), Sans-serif; font-weight: var( --e-global-typography-text-font-weight );\"> Todo proceso de reclamaci\u00f3n debe efectuarse antes de retirar el veh\u00edculo del parqueadero del Centro Comercial.&nbsp; &nbsp;<\/span><\/p>\n<p><span style=\"font-family: var( --e-global-typography-text-font-family ), Sans-serif;\"><b>6.<\/b><\/span><span style=\"font-family: var( --e-global-typography-text-font-family ), Sans-serif; font-weight: var( --e-global-typography-text-font-weight );\"> El servicio de parqueadero funcionar\u00e1 \u00fanicamente en los horarios indicados en el art\u00edculo tercero, si un veh\u00edculo no es retirado antes de la hora estipulada de cierre, salvo autorizaci\u00f3n expresa por parte de la Administraci\u00f3n, el usuario deber\u00e1 cancelar el valor de la multa establecida, la cual es de $50.000.&nbsp;<\/span><\/p>\n<p><span style=\"font-family: var( --e-global-typography-text-font-family ), Sans-serif;\"><b>7<\/b><\/span><span style=\"font-family: var( --e-global-typography-text-font-family ), Sans-serif; font-weight: var( --e-global-typography-text-font-weight );\">. Si el veh\u00edculo no es retirado a las 24 horas siguientes a su ingreso, y si no se tiene autorizaci\u00f3n previa por parte de la Administraci\u00f3n del Centro Comercial, el veh\u00edculo se pondr\u00e1 a disposici\u00f3n de las autoridades competentes.&nbsp;&nbsp;<\/span><\/p>\n<p><b>8.<\/b> La circulaci\u00f3n en los parqueaderos se har\u00e1 siempre por las zonas habilitadas y previamente demarcadas, conservando la velocidad m\u00e1xima permitida de 10 km\/hora.&nbsp;&nbsp;<\/p>\n<p><b>9.<\/b> Retirar los veh\u00edculos que presenten fugas de combustible, gas o aceite. El Centro Comercial Gran Plaza Ipiales, realizar\u00e1 el llamado correspondiente al usuario, y si este no hace presencia o no hay respuesta inmediata, se proceder\u00e1 con el retiro del veh\u00edculo, cuando se compruebe que se pone en riesgo la operaci\u00f3n del Centro Comercial, esto con el acompa\u00f1amiento de las entidades competentes (Bomberos, Defensa Civil, Transito, entre otros).&nbsp;<\/p>\n<p><b>10<\/b>. El cargue o descargue de mercanc\u00eda o equipos, solo es permitido en los espacios destinados para ello, y dentro de los horarios establecidos por el Centro Comercial, por tal raz\u00f3n se proh\u00edbe realizar actividades de cargue o descargue de mercanc\u00eda y equipos dentro del parqueadero sin autorizaci\u00f3n previa por parte de la Administraci\u00f3n del Centro Comercial.&nbsp;<\/p>\n<p><b>11<\/b>. El Centro Comercial no est\u00e1 autorizado para reproducir o hacer entrega de fotos o videos de hechos ocurridos dentro del parqueadero, estas reproducciones solo se entregan a entes judiciales con previa solicitud.&nbsp; &nbsp; &nbsp;<\/p>\n<p><b>12<\/b>. El Centro Comercial, para el uso del parqueadero, se reserva el derecho de admisi\u00f3n de veh\u00edculos.<br><br><b>ART\u00cdCULO QUINTO &#8211; El Centro Comercial, no se har\u00e1 responsable: <\/b><br><b>1. <\/b>De la p\u00e9rdida o da\u00f1o de bienes no componentes del veh\u00edculo, dejados al interior de \u00e9ste, tales como dinero, joyas, maletas o maletines, tel\u00e9fonos celulares, frontales de radio, u objetos personales que sean considerados de valor para el usuario, y que no hayan sido entregados en custodia al personal del Centro Comercial.&nbsp;<\/p>\n<p><b>2.<\/b> Por da\u00f1os mec\u00e1nicos o el\u00e9ctricos que se produzcan en el veh\u00edculo.&nbsp;<\/p>\n<p><b>3.<\/b> Por da\u00f1os a veh\u00edculos ocasionados por fuerza mayor o caso fortuito, por incendio, asonada, revuelta civil o armada, actos terroristas, motines o de cualquier otro hecho que suceda sin culpa del Centro Comercial.&nbsp;<\/p>\n<p><b>4.<\/b> Por veh\u00edculos parqueados por fuera del \u00e1rea o estacionamientos no demarcados, ni por da\u00f1os en veh\u00edculos ocasionados por fuerza mayor o caso fortuito, ni por da\u00f1os mec\u00e1nicos, de latoner\u00eda o el\u00e9ctricos del veh\u00edculo o causados por otro veh\u00edculo en el interior del estacionamiento.&nbsp;<\/p>\n<p><b>ART\u00cdCULO SEXTO \u2013 Responsabilidad del Centro Comercial:<br><\/b>1. En caso de recibir una reclamaci\u00f3n; el Centro Comercial actuar\u00e1 de acuerdo con el procedimiento de reclamaciones establecido como protocolo de la operaci\u00f3n del parqueadero, y conforme a lo indicado en el Estatuto del Consumidor.&nbsp;<\/p>\n<p><b>2.<\/b> El Centro Comercial para proceder con la recepci\u00f3n de los elementos que el usuario considere de valor asignar\u00e1 un espacio para su custodia, previo a su uso, llevar\u00e1 a cabo el registro en el formato: \u201cElementos en custodia\u201d, en el cual se detallar\u00e1 la descripci\u00f3n de los elementos, se tomar\u00e1n los datos del usuario y firma de recibido y entrega de las partes.&nbsp;<\/p>\n<p>Si pasadas 24 horas, no son retirados los elementos, estos quedan a disposici\u00f3n del Centro Comercial.<br><br>ART\u00cdCULO S\u00c9PTIMO \u2013&nbsp;Recuerde tener en cuenta las siguientes obligaciones:&nbsp;<\/p>\n<p><b>1. <\/b>Verificar el estado del veh\u00edculo antes de retirarlo del parqueadero.<\/p>\n<p><b>2.<\/b> Conducir dentro del parqueadero, a la velocidad permitida de 10 km\/hora, respetando el tr\u00e1nsito peatonal y la demarcaci\u00f3n de las \u00e1reas.<\/p>\n<p><b>3.<\/b> No dejar cascos, chalecos o elementos personales sobre los veh\u00edculos.&nbsp;<\/p>\n<p><b>4.<\/b> Una vez el veh\u00edculo se encuentre correctamente estacionado, debe apagarlo y asegurarse que no permanezcan personas o animales en su interior.&nbsp;<\/p>\n<p><b>5. <\/b>Velar por el cuidado de la tarjeta o tiquete que se entrega al ingresar al parqueadero, la perdida y\/o deterioro deber\u00e1 ser asumida por el conductor a la tarifa dispuesta por el Centro Comercial.&nbsp;<\/p>\n<p><b>6.<\/b> Ante la p\u00e9rdida de la tarjeta o tiquete de ingreso, el usuario debe presentar los documentos de identificaci\u00f3n y los documentos del veh\u00edculo, para proceder con la reposici\u00f3n.<\/p>\n<p><b>7.<\/b> Cancelar el valor total de la tarifa de parqueadero.<\/p>\n<p><b>8.<\/b> Verificar la liquidaci\u00f3n del pago del parqueadero, tener presente que despu\u00e9s de realizar el pago, cuenta con 15 minutos para retirar el veh\u00edculo, si excede este tiempo, deber\u00e1 cancelar el tiempo adicional.<\/p>\n<p><b>9.<\/b> Presentar los documentos de propiedad del veh\u00edculo antes de su retiro, en caso de ser solicitado.<\/p>\n<p><b>10.<\/b> Cumplir el presente reglamento y las dem\u00e1s normas que lo complementen, modifiquen o aclaren.&nbsp;<br><br><b>ART\u00cdCULO OCTAVO \u2013 Prohibiciones<\/b>&nbsp;<\/p><p><b>1. <\/b>Fumar, consumir bebidas alcoh\u00f3licas o sustancias alucin\u00f3genas dentro del parqueadero.&nbsp;&nbsp;<\/p><p><b>2. <\/b>Conducir en estado de embriaguez.&nbsp;<\/p><p><b>3.<\/b> No est\u00e1 permitido ense\u00f1ar a conducir al interior del parqueadero.&nbsp;&nbsp;<\/p><p><b>4.<\/b> Parquear en zonas no autorizadas o deshabilitadas.&nbsp;&nbsp;<\/p><p><b>5. <\/b>Realizar cualquier tipo de reparaciones, mantenimientos, suministro de combustibles y\/o lavados a los veh\u00edculos, dentro del parqueadero.&nbsp; &nbsp;<\/p><p><b>6.<\/b> El ingreso de sustancias inflamables, t\u00f3xicas o peligrosas, que puedan ocasionar conatos, da\u00f1os en la infraestructura o a terceros. Si este evento se llega a materializar, el infractor es el responsable de los perjuicios ocasionados.&nbsp;&nbsp;<\/p><p><b>ARTICULO NOVENO \u2013 P\u00f3liza<\/b>&nbsp;&nbsp;<\/p><p>El Centro Comercial cuenta con un Seguro de Responsabilidad Civil Extracontractual AXA COLPATRIA SEGUROS S.A, NIT. 860.002.184-6. Carrera 7 No. 24 &#8211; 89 Bogot\u00e1 Colombia. Vigencia de Iniciaci\u00f3n: 02 de enero de 2023, Vigencia de terminaci\u00f3n 02 de enero de 2024. P\u00f3liza No. 6158014059&nbsp;<br><\/p>\t\t\t\t\t\t<\/div>\n\t\t\t\t<\/div>\n\t\t\t\t\t<\/div>\n\t\t<\/div>\n\t\t\t\t\t<\/div>\n\t\t<\/section>\n\t\t\t\t<\/div>\n\t\t","protected":false},"excerpt":{"rendered":"<p>&nbsp; REGLAMENTO PARQUEADEROS CENTROS COMERCIALES GRAN PLAZA REGLAMENTO PARQUEADERO&nbsp; CENTRO COMERCIAL GRAN PLAZA IPIALES ARTICULO PRIMERO \u2013 Objeto: El presente reglamento tiene como finalidad establecer las normas sobre el parqueo de carros y motos en las \u00e1reas comunes destinadas a estacionamiento de veh\u00edculos de clientes, visitantes, aliados y colaboradores del CENTRO COMERCIAL GRAN PLAZA IPIALES, [&hellip;]<\/p>\n","protected":false},"author":3,"featured_media":0,"parent":0,"menu_order":0,"comment_status":"closed","ping_status":"closed","template":"elementor_canvas","meta":{"footnotes":""},"class_list":["post-6579","page","type-page","status-publish","hentry"],"_links":{"self":[{"href":"https:\/\/granplazacentroscomerciales.com\/ipiales\/wp-json\/wp\/v2\/pages\/6579"}],"collection":[{"href":"https:\/\/granplazacentroscomerciales.com\/ipiales\/wp-json\/wp\/v2\/pages"}],"about":[{"href":"https:\/\/granplazacentroscomerciales.com\/ipiales\/wp-json\/wp\/v2\/types\/page"}],"author":[{"embeddable":true,"href":"https:\/\/granplazacentroscomerciales.com\/ipiales\/wp-json\/wp\/v2\/users\/3"}],"replies":[{"embeddable":true,"href":"https:\/\/granplazacentroscomerciales.com\/ipiales\/wp-json\/wp\/v2\/comments?post=6579"}],"version-history":[{"count":4,"href":"https:\/\/granplazacentroscomerciales.com\/ipiales\/wp-json\/wp\/v2\/pages\/6579\/revisions"}],"predecessor-version":[{"id":6583,"href":"https:\/\/granplazacentroscomerciales.com\/ipiales\/wp-json\/wp\/v2\/pages\/6579\/revisions\/6583"}],"wp:attachment":[{"href":"https:\/\/granplazacentroscomerciales.com\/ipiales\/wp-json\/wp\/v2\/media?parent=6579"}],"curies":[{"name":"wp","href":"https:\/\/api.w.org\/{rel}","templated":true}]}}