{"id":6574,"date":"2024-02-08T13:17:47","date_gmt":"2024-02-08T13:17:47","guid":{"rendered":"https:\/\/granplazacentroscomerciales.com\/ipiales\/?page_id=6574"},"modified":"2024-02-08T13:22:49","modified_gmt":"2024-02-08T13:22:49","slug":"politica-biciparqueadero","status":"publish","type":"page","link":"https:\/\/granplazacentroscomerciales.com\/ipiales\/politica-biciparqueadero\/","title":{"rendered":"Pol\u00edtica BICIPARQUEADERO"},"content":{"rendered":"\t\t<div data-elementor-type=\"wp-page\" data-elementor-id=\"6574\" class=\"elementor elementor-6574\">\n\t\t\t\t\t\t<section class=\"has_eae_slider elementor-section elementor-top-section elementor-element elementor-element-22cd6b3d elementor-section-boxed elementor-section-height-default elementor-section-height-default\" data-id=\"22cd6b3d\" data-element_type=\"section\">\n\t\t\t\t\t\t<div class=\"elementor-container elementor-column-gap-default\">\n\t\t\t\t\t<div class=\"has_eae_slider elementor-column elementor-col-100 elementor-top-column elementor-element elementor-element-29668c6a\" data-id=\"29668c6a\" data-element_type=\"column\">\n\t\t\t<div class=\"elementor-widget-wrap elementor-element-populated\">\n\t\t\t\t\t\t<div class=\"elementor-element elementor-element-66baa845 elementor-widget elementor-widget-text-editor\" data-id=\"66baa845\" data-element_type=\"widget\" data-widget_type=\"text-editor.default\">\n\t\t\t\t<div class=\"elementor-widget-container\">\n\t\t\t\t\t\t\t&nbsp;\r\n<div id=\"kurato_extension_modal\"><\/div>\t\t\t\t\t\t<\/div>\n\t\t\t\t<\/div>\n\t\t\t\t\t<\/div>\n\t\t<\/div>\n\t\t\t\t\t<\/div>\n\t\t<\/section>\n\t\t\t\t<section class=\"has_eae_slider elementor-section elementor-top-section elementor-element elementor-element-0d54b3c elementor-section-boxed elementor-section-height-default elementor-section-height-default\" data-id=\"0d54b3c\" data-element_type=\"section\">\n\t\t\t\t\t\t<div class=\"elementor-container elementor-column-gap-default\">\n\t\t\t\t\t<div class=\"has_eae_slider elementor-column elementor-col-100 elementor-top-column elementor-element elementor-element-698170d\" data-id=\"698170d\" data-element_type=\"column\">\n\t\t\t<div class=\"elementor-widget-wrap elementor-element-populated\">\n\t\t\t\t\t\t<div class=\"elementor-element elementor-element-c96a93b elementor-widget elementor-widget-heading\" data-id=\"c96a93b\" data-element_type=\"widget\" data-widget_type=\"heading.default\">\n\t\t\t\t<div class=\"elementor-widget-container\">\n\t\t\t<h2 class=\"elementor-heading-title elementor-size-default\">REGLAMENTO BICICLETERO\nCENTROS COMERCIALES GRAN PLAZA<\/h2>\t\t<\/div>\n\t\t\t\t<\/div>\n\t\t\t\t\t<\/div>\n\t\t<\/div>\n\t\t\t\t\t<\/div>\n\t\t<\/section>\n\t\t\t\t<section class=\"has_eae_slider elementor-section elementor-top-section elementor-element elementor-element-f85ab36 elementor-section-boxed elementor-section-height-default elementor-section-height-default\" data-id=\"f85ab36\" data-element_type=\"section\">\n\t\t\t\t\t\t<div class=\"elementor-container elementor-column-gap-default\">\n\t\t\t\t\t<div class=\"has_eae_slider elementor-column elementor-col-100 elementor-top-column elementor-element elementor-element-4c837c5\" data-id=\"4c837c5\" data-element_type=\"column\">\n\t\t\t<div class=\"elementor-widget-wrap\">\n\t\t\t\t\t\t\t<\/div>\n\t\t<\/div>\n\t\t\t\t\t<\/div>\n\t\t<\/section>\n\t\t\t\t<section class=\"has_eae_slider elementor-section elementor-top-section elementor-element elementor-element-0a06eae elementor-section-boxed elementor-section-height-default elementor-section-height-default\" data-id=\"0a06eae\" data-element_type=\"section\">\n\t\t\t\t\t\t<div class=\"elementor-container elementor-column-gap-default\">\n\t\t\t\t\t<div class=\"has_eae_slider elementor-column elementor-col-100 elementor-top-column elementor-element elementor-element-cbb43ff\" data-id=\"cbb43ff\" data-element_type=\"column\">\n\t\t\t<div class=\"elementor-widget-wrap elementor-element-populated\">\n\t\t\t\t\t\t<div class=\"elementor-element elementor-element-463f578 elementor-widget elementor-widget-text-editor\" data-id=\"463f578\" data-element_type=\"widget\" data-widget_type=\"text-editor.default\">\n\t\t\t\t<div class=\"elementor-widget-container\">\n\t\t\t\t\t\t\t<p><b>REGLAMENTO BICIPARQUEADERO&nbsp; &nbsp;CENTRO COMERCIAL GRAN PLAZA IPIALES <\/b><\/p>\n<p>El presente reglamento tiene como finalidad establecer las normas sobre el parqueo de bicicletas en el \u00e1rea com\u00fan destinada para su estacionamiento el cual aplica a clientes, visitantes, aliados y colaboradores del Centro Comercial Gran Plaza Ipiales.&nbsp; <\/p>\n<p><b>Horario:<\/b> El horario en el que se permite el uso de las \u00e1reas comunes de estacionamiento para ingreso, permanencia y retiro de bicicletas, es de lunes a domingo de 07:30 am a 02:00 am, del siguiente d\u00eda, despu\u00e9s de las 09:00 pm, se realizan ingresos y salidas controlados por vigilancia.&nbsp; &nbsp;El uso del bici parqueadero est\u00e1 sujeto a las siguientes reglas: <\/p>\n<p><b>1.<\/b> Al ingresar al parqueadero el usuario acepta las pol\u00edticas, horarios y condiciones de uso vigentes para el mismo, publicadas en el parqueadero de bicicletas. <\/p>\n<p><b>2.<\/b> Estacionar \u00fanicamente en los espacios autorizados donde se dispone de bicicleteros para mantener la seguridad, buen orden y uso del espacio dispuesto.&nbsp; <\/p>\n<p><b>3<\/b>. Dejar la bicicleta asegurada en el bici parqueadero con guaya o cadena y candado, y verificar que quede correctamente asegurada antes de salir del estacionamiento: de no hacerlo, por su seguridad y de la de los dem\u00e1s usuarios, no podr\u00e1 hacer uso del bici parqueadero. <\/p>\n<p><b>4.<\/b> No se debe dejar en la bicicleta objetos o elementos que no hagan parte integral de la misma, tales como: cascos, termos, maletas, documentos, chalecos, dinero, etc. En caso de que lo haga, el Centro Comercial no se har\u00e1 responsable por su eventual p\u00e9rdida o da\u00f1o.&nbsp; El Centro Comercial no presta el servicio de custodia de dichos elementos.&nbsp; <\/p>\n<p><b>5.<\/b> El Centro Comercial prestar\u00e1 el servicio de forma gratuita y como consecuencia, no ser\u00e1 responsable en ning\u00fan caso y en ninguna circunstancia del da\u00f1o o p\u00e9rdida de bicicletas no retiradas por su propietario y que se encuentren en el parqueadero fuera del horario establecido. <\/p>\n<p><b>6.<\/b> En caso de que el bicicletero se encuentre lleno, la bicicleta no se recibir\u00e1 hasta que haya un espacio disponible, si usted deja la bicicleta fuera del \u00e1rea establecida, no existir\u00e1 responsabilidad del Centro Comercial, ya que la misma no fue dejada en custodia.<\/p>\n<p><b>7<\/b>. Ning\u00fan funcionario o colaborador del parqueadero del Centro Comercial estar\u00e1 autorizado para recibir elementos u objetos que no hagan parte integral de la&nbsp;bicicleta y tampoco estar\u00e1 facultado para variar las anteriores condiciones del reglamento, las cuales fueron aceptadas expresamente por los usuarios del parqueadero una vez ingresaron la bicicleta.<\/p>\n<p><b>8.<\/b> El Centro Comercial no ser\u00e1 responsable cuando el da\u00f1o, la p\u00e9rdida, deterioro o hurto provenga por el uso indebido del servicio por parte del usuario y\/o si este no atendi\u00f3 las instrucciones de se\u00f1aladas en este reglamento.<\/p>\n<p><b>9.<\/b> Al momento de generarse un incidente, este debe ser reportando inmediatamente al encargado del parqueadero y posterior a ello, diligenciar la informaci\u00f3n respectiva en el formato de PQRS (Peticiones, Quejas, Reconocimiento y Solicitudes) establecido por el Centro Comercial, junto con los soportes y documentos adicionales, necesarios para la verificaci\u00f3n del caso.<\/p>\n<p><b>10.<\/b> El Centro Comercial cuenta con un Seguro de Responsabilidad Civil Extracontractual AXA COLPATRIA SEGUROS S.A., NIT. 860.002.184-6. Carrera 7 No. 24 &#8211; 89 Bogot\u00e1, Colombia. Vigencia de Iniciaci\u00f3n: 02 de enero de 2023, Vigencia de terminaci\u00f3n 02 de enero de 2024. P\u00f3liza No. 6158014059.&nbsp;<\/p>\t\t\t\t\t\t<\/div>\n\t\t\t\t<\/div>\n\t\t\t\t\t<\/div>\n\t\t<\/div>\n\t\t\t\t\t<\/div>\n\t\t<\/section>\n\t\t\t\t<\/div>\n\t\t","protected":false},"excerpt":{"rendered":"<p>&nbsp; REGLAMENTO BICICLETERO CENTROS COMERCIALES GRAN PLAZA REGLAMENTO BICIPARQUEADERO&nbsp; &nbsp;CENTRO COMERCIAL GRAN PLAZA IPIALES El presente reglamento tiene como finalidad establecer las normas sobre el parqueo de bicicletas en el \u00e1rea com\u00fan destinada para su estacionamiento el cual aplica a clientes, visitantes, aliados y colaboradores del Centro Comercial Gran Plaza Ipiales.&nbsp; Horario: El horario en [&hellip;]<\/p>\n","protected":false},"author":3,"featured_media":0,"parent":0,"menu_order":0,"comment_status":"closed","ping_status":"closed","template":"elementor_canvas","meta":{"footnotes":""},"class_list":["post-6574","page","type-page","status-publish","hentry"],"_links":{"self":[{"href":"https:\/\/granplazacentroscomerciales.com\/ipiales\/wp-json\/wp\/v2\/pages\/6574"}],"collection":[{"href":"https:\/\/granplazacentroscomerciales.com\/ipiales\/wp-json\/wp\/v2\/pages"}],"about":[{"href":"https:\/\/granplazacentroscomerciales.com\/ipiales\/wp-json\/wp\/v2\/types\/page"}],"author":[{"embeddable":true,"href":"https:\/\/granplazacentroscomerciales.com\/ipiales\/wp-json\/wp\/v2\/users\/3"}],"replies":[{"embeddable":true,"href":"https:\/\/granplazacentroscomerciales.com\/ipiales\/wp-json\/wp\/v2\/comments?post=6574"}],"version-history":[{"count":4,"href":"https:\/\/granplazacentroscomerciales.com\/ipiales\/wp-json\/wp\/v2\/pages\/6574\/revisions"}],"predecessor-version":[{"id":6578,"href":"https:\/\/granplazacentroscomerciales.com\/ipiales\/wp-json\/wp\/v2\/pages\/6574\/revisions\/6578"}],"wp:attachment":[{"href":"https:\/\/granplazacentroscomerciales.com\/ipiales\/wp-json\/wp\/v2\/media?parent=6574"}],"curies":[{"name":"wp","href":"https:\/\/api.w.org\/{rel}","templated":true}]}}